10*w - 3929. Determine p(3).
-2096
Let q(t) = 4*t**2 + 137*t - 16306. Determine q(49).
11
Let w(z) = 14*z**2 + 118*z - 203. What is w(-15)?
1177
Let i(s) = -726*s**2 + 50103*s - 617. What is i(69)?
4
Let y(d) = -139*d**2 + 452*d - 74. Determine y(3).
31
Let x(v) = -v**3 + 2*v**2 + 168*v - 5. Determine x(0).
-5
Let r(d) = 59405*d - 40573621. Give r(683).
-6
Let l(o) = -11*o**2 + 1257*o - 15517. What is l(14)?
-75
Let i(s) = -22*s**2 + 300*s - 438. What is i(12)?
-6
Let a(h) = -h**3 - 128*h**2 - 2070*h - 454. Determine a(-109).
-563
Let l(b) = -11*b**2 + 1192*b + 13033. What is l(-10)?
13
Let x(c) = c**3 - 872*c**2 + 9315*c + 134319. Give x(861).
3
Let n(i) = -329*i + 21933. Determine n(67).
-110
Let j(t) = -t**3 - 4*t**2 + 311*t + 2030. What is j(-7)?
0
Let p(b) = -8*b**3 + b**2 - 36*b - 297. Give p(0).
-297
Let d(r) = 9*r**3 - 631*r**2 + 690*r - 49. What is d(69)?
-49
Let a(k) = 66*k**2 - 57*k. Give a(1).
9
Let u(w) = -w**3 - 207*w**2 + 43*w + 8241. Determine u(-207).
-660
Let s(a) = 79860*a - 1118082. Calculate s(14).
-42
Let a(w) = -2212*w - 771994. What is a(-349)?
-6
Let p(h) = 23*h**2 + 229*h + 4. Determine p(-10).
14
Let g(a) = -a**3 + 57*a**2 - 131*a + 1097. Calculate g(55).
-58
Let d(j) = 260751*j + 78225307. What is d(-300)?
7
Let w(z) = 13311*z + 119795. What is w(-9)?
-4
Let x(a) = -a**3 + 6*a**2 - 163*a + 1375. Give x(8).
-57
Let f(j) = -4*j**2 - 12345*j - 378862. What is f(-31)?
-11
Let u(h) = 67*h**2 + 2761*h - 38. Calculate u(-41).
-612
Let w(k) = 75*k + 2148. Calculate w(-20).
648
Let b(m) = -m**3 + 12*m**2 + 648*m - 7392. Determine b(26).
-8
Let a(r) = 58422*r**2 + 4965871*r + 65. Determine a(-85).
-20
Let y(j) = -2007*j**2 - 116404*j + 101. Determine y(-58).
-15
Let f(p) = -3*p**3 + 9*p**2 + 144*p - 308. What is f(8)?
-116
Let d(o) = 37969*o + 569515. Determine d(-15).
-20
Let w(i) = -1044*i - 27191. Give w(-26).
-47
Let y(k) = 198*k - 2996. Determine y(15).
-26
Let n(g) = 95*g - 4363. Calculate n(36).
-943
Let z(b) = 388*b**2 - 76436*b - 60. What is z(197)?
-60
Let b(x) = -138*x - 4095. What is b(-23)?
-921
Let j(i) = 87*i**2 - 3233*i + 3234. Give j(1).
88
Let s(k) = -k**3 + 5*k**2 + 1942*k - 5848. Determine s(3).
-4
Let b(v) = 175650*v - 2810493. Determine b(16).
-93
Let k(w) = 5104*w + 96909. Give k(-19).
-67
Let a(u) = u**3 + 78*u**2 + 254*u + 838. Give a(-75).
-1337
Let u(c) = -127109*c - 127166. Give u(-1).
-57
Let q(l) = -l**3 + 62*l**2 + 359*l - 1720. Give q(67).
-112
Let f(l) = 88*l**2 - 385*l + 16. Give f(4).
-116
Let t(q) = 8756*q + 2810683. Give t(-321).
7
Let q(t) = -t**2 - 392748*t - 3141929. What is q(-8)?
-9
Let x(t) = 47*t**2 + 1225*t + 22. What is x(-27)?
1210
Let c(p) = -27444*p - 521663. Give c(-19).
-227
Let v(i) = 44050*i - 132156. Calculate v(3).
-6
Let s(r) = -36*r**3 + 264*r**2 + 180*r + 188. What is s(8)?
92
Let g(j) = 19*j**3 - 146*j**2 - 364*j - 92. What is g(10)?
668
Let a(y) = -1809*y + 16339. Calculate a(13).
-7178
Let c(z) = -z**2 - 169*z - 2687. Give c(-151).
31
Let x(q) = 586*q + 123585. Give x(-211).
-61
Let x(o) = -2237*o - 13366. Give x(-6).
56
Let l(z) = -8*z**3 - 21*z**2 + 3253*z + 3482. Determine l(-21).
-4
Let l(a) = -3*a**3 + 185*a**2 + 4727*a - 2395. Determine l(81).
-46
Let u(y) = -14693*y - 1263612. What is u(-86)?
-14
Let p(s) = 23*s**2 - 415*s - 414. Give p(-1).
24
Let v(q) = 99*q**2 + 1154*q - 5746. Give v(5).
2499
Let c(v) = 299*v - 46677. What is c(155)?
-332
Let g(r) = -28*r + 217. Determine g(-22).
833
Let n(m) = m**3 - 289*m**2 + 363*m - 21621. Calculate n(288).
-21
Let p(r) = -12576*r + 125793. Give p(10).
33
Let v(n) = 28*n**2 + 562*n + 3318. Give v(-6).
954
Let k(g) = -6*g**2 + 590*g + 414. Calculate k(99).
18
Let g(s) = -185*s**2 + 34757*s + 4330. Calculate g(188).
6
Let h(n) = -57*n + 478. Calculate h(15).
-377
Let k(a) = 252272*a - 1009077. Calculate k(4).
11
Let l(k) = -2*k**3 + 25*k**2 - 64*k - 67. Give l(7).
24
Let w(f) = -f**3 - 63*f**2 + 1041*f + 6655. What is w(-5)?
0
Let g(c) = -8*c**2 + 3222*c - 57598. Determine g(384).
2
Let b(j) = 22*j**2 + 1677*j + 435. Calculate b(-76).
55
Let q(k) = 232*k**2 + 9*k + 37. What is q(0)?
37
Let w(c) = c**3 - 377*c**2 + 1851*c + 2254. Give w(6).
4
Let r(w) = 2982*w + 217695. What is r(-73)?
9
Let n(y) = y**3 - 516*y + 558. Determine n(0).
558
Let s(b) = b**3 + 119*b**2 + 2148*b + 8822. Give s(-98).
2
Let d(v) = 7*v**2 - 1848*v - 5619. Calculate d(-3).
-12
Let h(j) = 49181*j + 147539. Calculate h(-3).
-4
Let f(v) = -17747*v - 10186784. What is f(-574)?
-6
Let g(i) = -5*i**2 - 110*i + 254. What is g(-26)?
-266
Let k(m) = 8*m**3 + 3*m**2 + 40*m - 138. Determine k(5).
1137
Let r(n) = -n**2 - 4095*n - 395571. Determine r(-99).
33
Let b(l) = -3*l**2 + 147*l - 4340. Determine b(28).
-2576
Let f(b) = -60*b**2 + 7565*b - 625. Give f(126).
5
Let l(d) = 5*d**2 - 102*d + 222. Give l(27).
1113
Let u(b) = -406*b**2 + 2020*b + 50. Give u(5).
0
Let l(h) = 5104*h + 214559. Determine l(-42).
191
Let x(y) = y**2 + 3954*y - 135527. What is x(34)?
65
Let w(r) = -r**3 - 51*r**2 - 719*r - 7441. What is w(-37)?
-4
Let z(w) = -w**2 - 6489*w + 425944. What is z(65)?
-66
Let n(m) = m**2 + 336*m + 29285. What is n(-146)?
1545
Let c(z) = 7999*z - 183938. Give c(23).
39
Let h(w) = -w**3 + 635*w**2 + 30*w + 3. What is h(0)?
3
Let a(f) = 10*f**2 + 738*f + 560. Determine a(-71).
-1428
Let j(q) = -q**3 + 23*q**2 - 80*q + 1015. Give j(21).
217
Let k(z) = -2*z**3 - 219*z**2 + 337*z + 516. Calculate k(-111).
72
Let p(g) = -10*g**3 + 390*g**2 + 11. Calculate p(39).
11
Let u(w) = -w**3 - 424*w**2 - 460*w - 15485. Calculate u(-423).
166
Let t(h) = -30*h**2 - 47*h + 6. Give t(-6).
-792
Let x(o) = -o**3 - 146*o**2 + 1893*o - 33. Give x(12).
-69
Let c(r) = -148*r**2 + 461*r - 461. Give c(1).
-148
Let a(i) = -5*i**3 - 1310*i**2 - 5*i - 1315. What is a(-262)?
-5
Let f(a) = a**3 + 36*a**2 - 41*a - 774. Give f(-36).
702
Let f(l) = 721*l - 4821. Determine f(6).
-495
Let z(b) = b**3 - 11*b**2 - 49*b - 488. Calculate z(16).
8
Let p(u) = -936*u - 5006. Calculate p(-4).
-1262
Let c(u) = -8884*u - 9342. Calculate c(-1).
-458
Let n(h) = -h**3 - 140*h**2 + 474*h + 6791. What is n(-143)?
356
Let l(v) = -375*v**2 + 129*v + 136. Determine l(-1).
-368
Let p(o) = -2*o**3 + 2*o**2 - 4*o - 1579. Give p(0).
-1579
Let z(v) = v**2 - 299*v + 16170. Calculate z(73).
-328
Let q(x) = -2*x**2 - 41154*x + 411769. What is q(10)?
29
Let v(c) = 374*c + 409. Calculate v(-3).
-713
Let i(h) = h**3 - 5*h**2 - 78999*h - 315856. What is i(-4)?
-4
Let m(f) = 7*f**2 - 1006*f - 8073. What is m(-8)?
423
Let z(d) = 17400*d + 3480017. Give z(-200).
17
Let l(p) = -p**3 - 31*p**2 - 63*p - 51. Determine l(-30).
939
Let z(s) = -s**3 + 62*s**2 + 577*s - 572. Determine z(-9).
-14
Let m(a) = 276*a**2 - 10791*a + 857. Determine m(39).
-196
Let u(d) = -314*d**2 - 5661*d + 42. Calculate u(-18).
204
Let b(f) = 1061*f + 5684. Determine b(-5).
379
Let c(b) = 44*b + 6446. Calculate c(-70).
3366
Let d(z) = -4042*z - 24192. Calculate d(-6).
60
Let b(n) = -n**3 - 8*n**2 + 3998*n + 8002. Calculate b(-2).
-18
Let f(y) = -2*y**2 + 915*y - 75717. Determine f(349).
16
Let i(q) = -q**3 - 71*q**2 - 19*q - 743. Determine i(-71).
606
Let t(q) = 2*q**3 + 35*q**2 - 2270*q + 201. Determine t(26).
-7
Let y(h) = -59683*h + 537406. What is y(9)?
259
Let k(x) = 63*x**2 + 9562*x + 7412. Calculate k(-151).
13
Let b(c) = c**3 - 17*c**2 + 7*c + 1451. What is b(0)?
1451
Let j(i) = 7485*i - 890721. What is j(119)?
-6
Let m(a) = 17116*a + 69185. What is m(-4)?
721
Let q(l) = 1433*l - 6586. What is q(5)?
579
Let o(f) = -3*f**2 - 1199*f - 69790. Calculate o(-329).
-42
Let x(n) = 25375*n - 25408. What is x(1)?
-33
Let c(n) = -n**3 - 77*n**2 - 229*n + 477. Give c(-74).
995
Let z(l) = 4*l**2 + 746*l + 15326. Determine z(-163).
4
Let o(w) = -2*w**2 + 6043*w + 1371004. Calculate o(-212).
0
Let a(k) = -k**3 + 206*k**2 + 2618*k + 82. Calculate a(-12).
58
Let y(x) = -1452*x + 29343. Calculate y(20).
303
Let c(i) = -i**3 + 86*i**2 + 29*i + 48127. Give c(92).
11
Let u(k) = -10*k**2 + 64*k - 116. Calculate u(14).
-1180
Let h(i) = 3221*i - 25156. Calculate h(8).
612
Let u(n) = 5523*n - 79. What is u(0)?
-79
Let j(u) = -3658*u + 58165. Give j(16).
-363
Let a(r) = r**3 + 22*r**2 - 350*r + 801. Give a(8).
-79
Let i(m) = -7438*m + 446321. Determine i(60).
41
Let 